t n = t + -4. Let m(g) = g**2 + 2*g. Calculate m(n).
-1
Let h(s) = -6 + 43*s**2 + 6*s - 44*s**2 + s. Determine h(6).
0
Let z(f) be the first derivative of f**2/2 - f + 1. Let t(s) = -7*s - 11. Let n(m) = 4*m + 6. Let q(u) = -5*n(u) - 3*t(u). Let o be q(0). Give z(o).
2
Suppose -2*f + 7 = 5*a - 7, 7 = 3*f + 4*a. Let g(q) = q**3 + 2*q**2 - q + 1. Calculate g(f).
-5
Let g(p) = 11*p**3 - 10*p**2 - 9*p + 10. Let o(x) = -5*x**3 + 5*x**2 + 4*x - 5. Let l(h) = -4*g(h) - 9*o(h). Determine l(5).
5
Let o(j) = j**2 + 5*j - 6. Let m(l) = -3*l**3 + l**2 + 2*l + 1. Let a be m(-2). Suppose 5*k - 22 = 2*s, 3 = -4*s + 2*k - a. Calculate o(s).
0
Let k(w) = -w. Let n(s) = 3*s + 2. Let y(g) = -2*k(g) - n(g). Determine y(-6).
4
Let m be 24/5 - 4/5. Suppose m*w + 0*w + 20 = 0. Let b(z) = z**2 + 6*z + 4. Give b(w).
-1
Let d be (-42)/9 + (-6)/(-9). Let a(s) = -s + 5. Determine a(d).
9
Let w(r) = 0 + 4 + 2*r - 3 + 4*r**2. Let o(j) = -j - j - 4 + j**3 - j**2 - j**2. Let y be o(3). What is w(y)?
3
Suppose -q = -7*q + 24. Let f(g) = -g**3 + 4*g**2 - 2*g. Let d(p) = 2*p**3 - 8*p**2 + 5*p - 1. Let i(b) = 2*d(b) + 5*f(b). Calculate i(q).
-2
Let a(b) = -b + 1. Let j(t) = t**2 - 2*t + 3. Let x(y) = 3*a(y) - j(y). What is x(-1)?
0
Let v(r) = 17*r**2 - r. Suppose 58*i + 4 = 54*i. Give v(i).
18
Suppose 2*o - 6 = 2. Let h(z) = -o*z + 5 + 4*z - 5*z + z**2. Determine h(4).
1
Let m = 6 + -4. Let c(t) = 2*t + 2*t**m + 2 + 3*t - 9*t. What is c(2)?
2
Let a be -5 + 3 - -3 - 4. Let s(g) = -1 - 1 - 5 - g. What is s(a)?
-4
Let s(m) = -m**3 + m**2 + m + 1. Let i = 51 - 51. Determine s(i).
1
Suppose 0 = -p - 4 + 15. Let v(o) = o - 15. Let h be v(p). Let f(w) = w**3 - 2*w**2 - 8*w. Let b(q) = q**2 + q + 1. Let u(m) = -5*b(m) - f(m). What is u(h)?
-1
Let j(m) be the first derivative of 1/4*m**4 + 5/3*m**3 - 2*m + 3/2*m**2 - 3. Let v be 1/(-4) - 30/8. Give j(v).
2
Let y = 271/282 - 6/47. Let t(d) be the second derivative of -2*d + 0 + 1/4*d**4 + 1/20*d**5 + d**2 - y*d**3. Give t(-4).
6
Suppose -4*n + 1 = -f, -2*f - n - 4*n + 11 = 0. Let l(r) = -1 + r - 4*r - 4*r**2 - r**f - 1 + 1. What is l(-2)?
-3
Let t(b) be the second derivative of b**3 + 0 + 2*b - 1/12*b**4 - b**2. Determine t(6).
-2
Let l = 13/14 + -3/7. Let k(y) be the second derivative of -1/2*y**2 - 1/3*y**3 - l*y**4 + 0 - 3*y. Determine k(-1).
-5
Let b(m) = -m + 10. Let l = -15 - -30. Suppose 4*h - l = h. What is b(h)?
5
Suppose 0 = 4*z + 5*l - 24, 3*z = -5*l + 3*l + 18. Let k(o) = -2*o**3 - 3*o**2 - 3. Let m(h) = 2*h**3 + 4*h**2 + 4. Let x(b) = z*k(b) + 5*m(b). Determine x(2).
-6
Let v(m) = m**2 - 11*m + 11. Let t(i) = -2*i**2 - 37*i - 8. Let p be t(-18). Give v(p).
1
Suppose 45 = 15*v - 60*v. Let u(q) be the first derivative of -q**2/2 + q + 1. Determine u(v).
2
Let t(p) = -5*p**2 - p + 1. Suppose -5*y + 5 = -15. Let z be 18/12 + (-2)/y. Let s be z/((-3)/((-3)/1)). Determine t(s).
-5
Suppose 5 = -3*n - n - 3*i, 5 = i. Let p(f) = -f**3 - 4*f**2 + 5*f - 5. What is p(n)?
-5
Let u(c) = c**3 + 5*c**2 + 3*c - 3. Let r(b) = b**3 + 3*b**2 + b. Let m be r(-3). What is u(m)?
6
Let f(z) = -2*z**2 - 7*z + 2. Suppose -31 = 4*m - 11. Calculate f(m).
-13
Let y = 2 - 3. Let b(m) = -13*m**2 - 2*m - 3. Let k(q) = 14*q**2 + 3*q + 4. Let c(d) = -5*b(d) - 4*k(d). Determine c(y).
10
Let c(d) = d**2 + 3*d. Suppose j = 2*j + 3. What is c(j)?
0
Let s be (-20)/8*(-16)/10. Let g(n) = -6*n + s*n + 2 + n. Give g(3).
-1
Let s(n) be the first derivative of 7*n**2/2 + n - 9. What is s(-1)?
-6
Let c(w) = 217*w**3 + 2*w**2 + 4 - 5*w**2 - 218*w**3 + 6*w. Let p be (-4)/(-10) - 22/5. Calculate c(p).
-4
Let m(z) = z**3 + 5*z**2 + 6. Let k(l) = -l + 1. Let n(s) = -6*s. Let i be n(1). Let v be i/(-1) + 0 + 0. Let a be k(v). Calculate m(a).
6
Let y(v) = -6*v**3 + v + 3*v**3 + 3*v**3 - 8*v**2 - 9 + v**3. Give y(8).
-1
Let f(z) be the second derivative of -z**4/12 + z**2 + z. Let s(q) = -q - 6. Let a be s(-6). Suppose -17 = 3*n - 4*h, -5*n - 2*h - 12 + 1 = a. Calculate f(n).
-7
Let f(d) = 5*d - 4*d - 8 + 5 - d**2. Determine f(4).
-15
Let j(m) = m**3 + 2*m - m + 3*m + 5*m**2. Let n = 11 + -6. Suppose -5*s - n - 22 = 3*u, 2*u - 1 = 3*s. Determine j(s).
6
Let p(f) = -4*f. Suppose -4*n - 2*x + 42 = 0, -x + 19 = 3*n + 3*x. Let s = 14 - n. Calculate p(s).
-4
Let x(m) = 31*m - 14*m - 19*m - 1. Give x(-2).
3
Let t(r) = -r**3 - 5*r**2 - r - 6. Let z be t(-5). Let p(q) be the first derivative of -q**5/60 + q**3 + 2. Let i(m) be the third derivative of p(m). Give i(z).
2
Let o(p) = -2*p - 4. Let c be o(-4). Suppose -c = -u - 0, 2*t = 2*u - 16. Let w(f) = -f**2 - 2*f + 1. Calculate w(t).
-7
Suppose 3*c = -c. Let d(b) = -5*b + b**2 + c*b**2 - 5 + 0*b**2. Give d(5).
-5
Suppose -2*b - 4*d + 16 = 0, 3*b - 4*d = -d - 12. Let l(q) = q - 9. What is l(b)?
-9
Let j(i) = -i**3 - 6*i**2 - 5*i - 1. Let r be j(-5). Let o(a) = 11*a**2 + a. Give o(r).
10
Let g = -36 + 43. Let x(i) = -i**3 + 8*i**2 - 8*i + 5. Determine x(g).
-2
Let f(l) = 1 - l**2 - l + 0*l - l**2. Suppose -3*c + 6*c = -12, 5*j - c = -6. What is f(j)?
-5
Let j be (-2 + 1)/(0 + 1). Let s be j*(1 - -2) - -3. Let i(z) = z**2 - z - 8. What is i(s)?
-8
Let j(a) = -a - 1. Suppose 24 = 2*g + 2*g. Suppose 0 = 3*m - 4*s - 2, s + g = m - 3*s. Let p be m/(-8) + (-33)/(-12). Calculate j(p).
-4
Let n(i) = i**3 + i**2 + 1. Let j(p) = 17*p**3 + 5*p**2 + 7. Let f(r) = -j(r) + 6*n(r). Determine f(-1).
11
Let n(g) be the third derivative of g**6/120 + g**5/15 - g**4/8 - g**3/6 + 2*g**2. Suppose 8 = -a + 5*a. Suppose -20 = 2*r + a*r. Calculate n(r).
-11
Let j(c) = -c - 2*c - 1 + 2*c. Suppose 5*w + 3*l - 2 = 2*l, -w + 4*l = 8. Suppose w*a = 3*r + 5*a - 20, r = -5*a + 20. Give j(r).
-1
Let s = 0 - -3. Suppose s*y - 4*y + 4 = 0. Let f(z) = -3 - 3*z + 3*z - z + y*z. What is f(3)?
6
Suppose 0 = w - 0*w + 4*r + 18, -25 = 5*r. Let a(l) be the third derivative of -l**5/60 + l**3/6 + 9*l**2 + 4*l. Determine a(w).
-3
Let a(h) = 5*h + 8. Let q(z) = -11*z - 17. Let k = -77 + 64. Let j = 3 - 9. Let t(g) = j*q(g) + k*a(g). Determine t(0).
-2
Suppose -3*j - 7 = 4*p, -5*j + 4*j - 5*p = -5. Let h(q) = -q**3 - 6*q**2 - 3*q - 3. Give h(j).
-13
Let i(s) = 0 + 21 - 10 + 2*s - 4. Suppose -7 = 3*p - 3*z + 11, 4*p = 5*z - 24. What is i(p)?
-5
Let b(q) = q - 1. Let g = 2 - 2. Let a(s) = s - 20. Let i be a(17). Let p = g - i. What is b(p)?
2
Let o(f) be the second derivative of -f**4/12 + 2*f**3/3 - f**2/2 + 5*f. Determine o(4).
-1
Let l(x) be the second derivative of -x**5/20 + x**4/3 - x**3/6 - 2*x**2 + 4*x. What is l(3)?
2
Let o(j) = -j + 1. Let w be o(-1). Suppose 5*i + 3*y - 6 - 17 = 0, -w*y = -i + 2. Let p(k) = k - 4. What is p(i)?
0
Let y(l) = -3*l - 3. Let i(t) = -16*t - 17. Let b(d) = 2*i(d) - 11*y(d). Suppose a + 2 = 3*f - 5*f, -f = 3*a + 6. Determine b(a).
-3
Let f(u) = -u + 13. Let d be f(6). Let c be (-2)/d + 51/7. Suppose -3*g - c = 11. Let b(v) = v**2 + 6*v. Calculate b(g).
0
Let t(n) = 4*n - 1. Suppose -5*h = 3*f - 37, 3*h = h + 2*f + 2. Suppose -4*m + 25 = 5*w, 2*w - h*m = -7*m + 12. What is t(w)?
3
Let a(i) = i**3 - 3*i**2 + 3*i - 3. Suppose -2*o = -0*o. Let x be (-1 - 0)*36/(-4). Suppose o = -u - 2*u + x. Give a(u).
6
Let x be (-3)/(-6) + (-3)/(-2). Let h(a) = -a - 10*a**3 - a**x + a**3 - 1 + 0*a**3. Give h(-1).
8
Suppose 5*r - 8 = 22. Let d(z) = -z**2 + 4*z + 7. Determine d(r).
-5
Let l be 5*1*12/(-10). Let k(o) = 3*o**2 - 9 - 12*o**2 + 2*o**2 + 6*o**2 - 7*o. Determine k(l).
-3
Let u(c) be the first derivative of -c**2/2 - 40. What is u(-6)?
6
Let k(i) be the second derivative of 1/3*i**3 + 0 + 1/12*i**4 - 5*i - i**2 + 1/20*i**5. Give k(2).
14
Let v(c) = -2*c + 6. Let u = 80 + -56. Suppose 24 = 3*l - u. Suppose -2*o = -3*t + o + 18, 0 = 2*t - 4*o - l. Calculate v(t).
-2
Let b(n) = -n**3 + 4*n**2 + n - 7. Let o be b(4). Let g(j) = j**2 + 2*j - 4. Give g(o).
-1
Let m = 8 + -8. Let q(i) be the first derivative of -3 + m*i**2 - 5*i - 1/3*i**3. Determine q(0).
-5
Let b(u) = -u**2 - 6. Let a(y) = -y**3 - 10*y**2 - 10*y - 9. Suppose -3*d - 40 = -13. Let h be a(d). Determine b(h).
-6
Let c(o) = -o + 4. Let p be c(4). Let x(k) = k - k**2 + p*k + 3 - 4 + 4*k**2. Give x(1).
3
Let w(u) = -99 + 52 + 7*u + 46 - u**2. Determine w(7).
-1
Let z = 0 - -2. Let a(w) = 1 + 4 + 4*w - w - z*w. Suppose -m + c + 1 + 1 = 0, -4*c - 4 = -3*m. Give a(m).
9
Let s(a) = 4*a**3 + 16*a**2 +